
2
What is the tens digit of 66324950?
5
What is the ten thousands digit of 7869971?
6
What is the millions digit of 58112126?
8
What is the millions digit of 13227396?
3
What is the hundred thousands digit of 20879045?
8
What is the tens digit of 928898687?
8
What is the millions digit of 796321965?
6
What is the ten millions digit of 45517894?
4
What is the hundreds digit of 5910308150?
1
What is the billions digit of 8283596542?
8
What is the hundred millions digit of 5737800326?
7
What is the millions digit of 35789267?
5
What is the millions digit of 52511679?
2
What is the hundred thousands digit of 590617?
5
What is the thousands digit of 90593168?
3
What is the ten millions digit of 1592087607?
9
What is the hundreds digit of 540253?
2
What is the hundreds digit of 38660107?
1
What is the ten millions digit of 46982865?
4
What is the units digit of 45535925?
5
What is the ten millions digit of 634109538?
3
What is the thousands digit of 353377644?
7
What is the units digit of 2242635511?
1
What is the ten millions digit of 3810962866?
1
What is the units digit of 1093946814?
4
What is the hundred thousands digit of 88509757?
5
What is the ten thousands digit of 343513018?
1
What is the units digit of 4755234398?
8
What is the hundred thousands digit of 60651114?
6
What is the ten thousands digit of 42961111?
6
What is the billions digit of 2074450493?
2
What is the hundred millions digit of 139939606?
1
What is the tens digit of 55739499?
9
What is the hundreds digit of 64669737?
7
What is the hundreds digit of 687011309?
3
What is the hundred millions digit of 2173571577?
1
What is the millions digit of 20310009?
0
What is the hundreds digit of 7015931?
9
What is the thousands digit of 29765666?
5
What is the tens digit of 119295000?
0
What is the units digit of 28548708?
8
What is the tens digit of 380209624?
2
What is the ten millions digit of 1239633322?
3
What is the units digit of 759711253?
3
What is the millions digit of 432995799?
2
What is the millions digit of 42562253?
2
What is the tens digit of 328363421?
2
What is the hundreds digit of 734635993?
9
What is the millions digit of 322402369?
2
What is the hundred thousands digit of 3105606231?
6
What is the ten thousands digit of 57321347?
2
What is the ten thousands digit of 14920037?
2
What is the tens digit of 82350815?
1
What is the hundred thousands digit of 680818384?
8
What is the millions digit of 3773184067?
3
What is the hundred thousands digit of 2678568?
6
What is the hundred millions digit of 722530056?
7
What is the millions digit of 6040756?
6
What is the thousands digit of 151295021?
5
What is the tens digit of 129463983?
8
What is the millions digit of 24514016?
4
What is the hundreds digit of 3167653?
6
What is the hundred thousands digit of 76883089?
8
What is the units digit of 319150723?
3
What is the units digit of 78846223?
3
What is the tens digit of 19036200?
0
What is the tens digit of 10088833?
3
What is the hundred thousands digit of 103441632?
4
What is the ten millions digit of 291983728?
9
What is the units digit of 682686758?
8
What is the ten millions digit of 55157097?
5
What is the thousands digit of 62522659?
2
What is the tens digit of 801862177?
7
What is the hundreds digit of 586964179?
1
What is the hundred millions digit of 1503258094?
5
What is the units digit of 18279561?
1
What is the hundred millions digit of 1742131890?
7
What is the tens digit of 65767202?
0
What is the tens digit of 179203913?
1
What is the ten millions digit of 2154258724?
5
What is the thousands digit of 22062649?
2
What is the hundred thousands digit of 52290909?
2
What is the millions digit of 27888057?
7
What is the units digit of 813936982?
2
What is the units digit of 818822867?
7
What is the hundred thousands digit of 3810597?
8
What is the thousands digit of 48812358?
2
What is the thousands digit of 92658335?
8
What is the thousands digit of 6472525752?
5
What is the tens digit of 154069526?
2
What is the thousands digit of 637661595?
1
What is the thousands digit of 27409127?
9
What is the units digit of 173747424?
4
What is the billions digit of 1290330466?
1
What is the thousands digit of 451927424?
7
What is the hundred millions digit of 118161937?
1
What is the ten thousands digit of 622754308?
5
What is the ten thousands digit of 124954053?
5
What is the millions digit of 1392052369?
2
What is the hundred millions digit of 394297682?
3
What is the hundreds digit of 56483403?
4
What is the hundreds digit of 37961847?
8
What is the tens digit of 311261431?
3
What is the tens digit of 17064060?
6
What is the ten millions digit of 74676736?
7
What is the thousands digit of 1926625419?
5
What is the millions digit of 6705134?
6
What is the ten thousands digit of 548353013?
5
What is the tens digit of 3489318574?
7
What is the thousands digit of 330062939?
2
What is the hundred thousands digit of 20934708?
9
What is the units digit of 251031151?
1
What is the units digit of 60230505?
5
What is the ten millions digit of 39219187?
3
What is the hundred thousands digit of 170330486?
3
What is the hundreds digit of 49958724?
7
What is the hundreds digit of 389590221?
2
What is the units digit of 3459694411?
1
What is the millions digit of 341141336?
1
What is the thousands digit of 952270502?
0
What is the hundred millions digit of 511211421?
5
What is the tens digit of 5230045673?
7
What is the units digit of 112592226?
6
What is the units digit of 42504215?
5
What is the hundreds digit of 273626595?
5
What is the thousands digit of 1563984393?
4
What is the thousands digit of 2045066926?
6
What is the units digit of 18846350?
0
What is the billions digit of 7843384290?
7
What is the hundred thousands digit of 950382174?
3
What is the hundreds digit of 1785353569?
5
What is the millions digit of 1314271512?
4
What is the units digit of 190393895?
5
What is the thousands digit of 29389535?
9
What is the millions digit of 721712310?
1
What is the ten thousands digit of 1126904761?
0
What is the millions digit of 76364590?
6
What is the ten millions digit of 3307157957?
0
What is the hundreds digit of 7058416169?
1
What is the ten thousands digit of 226268574?
6
What is the ten thousands digit of 574129487?
2
What is the ten millions digit of 115450807?
1
What is the hundred millions digit of 111739772?
1
What is the units digit of 47333905?
5
What is the hundreds digit of 93180262?
2
What is the ten thousands digit of 34265090?
6
What is the units digit of 1256265651?
1
What is the hundreds digit of 3886586146?
1
What is the units digit of 4555094078?
8
What is the billions digit of 3251131638?
3
What is the hundred millions digit of 340914038?
3
What is the hundred thousands digit of 644047839?
0
What is the ten thousands digit of 775192320?
9
What is the thousands digit of 5143744420?
4
What is the thousands digit of 11479598?
9
What is the hundreds digit of 106210277?
2
What is the units digit of 45971279?
9
What is the thousands digit of 35526204?
6
What is the ten thousands digit of 2470697?
7
What is the units digit of 26721966?
6
What is the millions digit of 46225123?
6
What is the hundreds digit of 30785494?
4
What is the tens digit of 109596465?
6
What is the hundred thousands digit of 43361779?
3
What is the hundreds digit of 37198938?
9
What is the thousands digit of 260152010?
2
What is the hundreds digit of 6771445341?
3
What is the hundred thousands digit of 90764330?
7
What is the ten thousands digit of 129686619?
8
What is the thousands digit of 867164978?
4
What is the millions digit of 658231719?
8
What is the hundred thousands digit of 6578964?
5
What is the tens digit of 104542907?
0
What is the millions digit of 22912518?
2
What is the hundred millions digit of 2005298345?
0
What is the tens digit of 42921588?
8
What is the units digit of 2746958378?
8
What is the hundred millions digit of 115435911?
1
What is the hundred thousands digit of 239594572?
5
What is the thousands digit of 476036344?
6
What is the ten thousands digit of 60249300?
4
What is the hundred thousands digit of 1442851873?
8
What is the tens digit of 387170001?
0
What is the billions digit of 1613582510?
1
What is the ten millions digit of 600282987?
0
What i